-i + 8. Let c = -1 - -8. Calculate the remainder when u(c) is divided by 1.
0
Calculate the remainder when 21 - 17 - (-1 - 1) is divided by 6 + -1 + 0 - 2.
0
What is the remainder when 2/9 - 5085/(-81) is divided by 13?
11
Suppose -20 = -3*d + 40. What is the remainder when 3/12 - (-310)/8 is divided by d?
19
Let i(o) = o**2 + 6*o - 4. Let y(j) = 3*j - 1. Let q be y(1). What is the remainder when i(-8) is divided by (-2)/(-2) + q*3?
5
Suppose -3*t + 148 = 5*w - 63, -3*t - 4*w = -206. Calculate the remainder when t is divided by 32.
30
Suppose 3*v - 4*v + 11 = y, -2*y + 54 = 4*v. Suppose -i - 16 = -62. Calculate the remainder when i is divided by v.
14
Let r = -69 - -141. Calculate the remainder when r is divided by 5.
2
Suppose 6 = 2*a, 0*n - 43 = -2*n + a. Let j(k) = k**3 - 5*k**2 + 2*k + 3. Calculate the remainder when n is divided by j(5).
10
Let t = 6 + -15. Let n = -33 - -12. Let h = t - n. What is the remainder when 34 is divided by h?
10
Suppose -3*a - 2*b + b + 26 = 0, 5*a + 4*b = 34. Let p be (1 + -2)*(3 + -5). Suppose p*c - 4 - 54 = 0. Calculate the remainder when c is divided by a.
9
Let k(g) = g - 2. Let o be k(6). Suppose -c = o*c - 245. Let l = c + -23. What is the remainder when l is divided by 9?
8
What is the remainder when 3 + (4 - 6) + 22 is divided by 6?
5
Let d(k) = -k**3 - 12*k**2 - 25*k - 15. Calculate the remainder when d(-10) is divided by 18.
17
Let z(t) = -t**3 + 3*t**2 - 2*t + 1. Suppose -5*a + 10*a - 5 = 5*w, -2*a = -4*w - 2. Calculate the remainder when a is divided by z(2).
0
Suppose -j + 4*j - 228 = 0. What is the remainder when j/3 + 6/9 is divided by 9?
8
Let o(m) = 0 + 0*m**2 + 6*m - 2*m**2 - 1 + 3*m**2. Let y be o(-5). Calculate the remainder when (-2)/3 - 172/y is divided by 10.
8
Let o(f) = -f**3 + f**2 + f + 2. Let i be o(0). Suppose u = 2*g - 3 + 35, -2*g = -i*u + 72. Calculate the remainder when u is divided by 13 + (-4 - (0 + -5)).
12
Suppose 51 = 17*w - 14*w. Calculate the remainder when w is divided by 7.
3
Let l(d) = -d**2 + 2*d + 4. Let p be l(2). Let q be 1/(-4) - (-3)/(-4). Let z = q + p. Calculate the remainder when 3 is divided by z.
0
Suppose -4*p = -a - 73, 8*a = -3*p + 9*a + 56. What is the remainder when 132 is divided by p?
13
Suppose -3*p = h - 45, p = -0*p - 3*h + 15. Let m = 143 + -100. What is the remainder when m is divided by p?
13
Suppose 4*z - 5 = n, 20 = 3*z + z. Suppose -s = 3*b - n, -6*s = 4*b - 3*s - 25. What is the remainder when b is divided by 3?
1
Suppose -6*x = 2*x - 152. Calculate the remainder when 35 is divided by x.
16
Let q = 112 - 99. What is the remainder when 38 is divided by q?
12
Suppose 3*o + 370 = 5*o. Suppose 2*d + d - 100 = 4*i, 5*i = -4*d + o. Calculate the remainder when d is divided by 11.
7
Let w(i) = 22*i**3 + 2*i - 1. Calculate the remainder when w(1) is divided by 126/15 + 4/(-10).
7
Let l(q) = -q + 7. Let s(p) = -4*p + 20. Let a(g) = 11*l(g) - 4*s(g). Calculate the remainder when a(5) is divided by 5.
2
Let n = 6 - -11. Suppose x = -4*x - 70. What is the remainder when (-4)/(-14) + (-444)/x is divided by n?
15
Let v(w) = -w**3 - 6*w**2 - 3*w - 7. Suppose 0 = f - b - 47, 21 = -5*b - 4. Calculate the remainder when f is divided by v(-6).
9
Suppose -2*a - 10 = 0, 10*c = 5*c + 3*a + 105. Calculate the remainder when c is divided by 4.
2
Let b(y) = 0*y - 4*y - 4 + y. Let t = -9 + -1. What is the remainder when b(t) is divided by 9?
8
Suppose 3*i - 28 = 4*p - 99, -38 = -2*p + 4*i. What is the remainder when p is divided by 6?
5
What is the remainder when 47 is divided by 28/6*(44/14 + 2)?
23
Let f(o) = -o**3 + 4*o**2 + 1. Let m be f(4). Suppose -2*k = -15 - m. What is the remainder when k is divided by 5?
3
Let b = -31 + 22. What is the remainder when (-6)/b + 55/3 is divided by 7?
5
Let m(r) = 27*r - 19. Calculate the remainder when m(3) is divided by 22.
18
Let b(r) = -3*r**3 - 3*r**2 + 4*r - 11. Let a(c) = 5*c**3 + 5*c**2 - 7*c + 22. Let v(h) = 4*a(h) + 7*b(h). What is the remainder when v(0) is divided by 4?
3
What is the remainder when 19 is divided by 14/2 + 1 + 2?
9
Let y = -44 + 73. What is the remainder when y is divided by 8?
5
Let v be ((-84)/(-9))/(8/12). Let t = 29 - v. What is the remainder when 59 is divided by t?
14
Let p = 131 + -69. What is the remainder when p is divided by 32?
30
What is the remainder when (6 - 31)/(-5)*(-8)/(-2) is divided by 12?
8
Let u(v) = 2*v - 1. Let s be u(3). Suppose 0 = -5*c - 5*t + 50, s*c = c - t + 43. What is the remainder when c is divided by 4?
3
Let w(d) = 4*d**2 + 11*d + 6. Let i(y) = y**3 - 2*y**2 + y - 4. Calculate the remainder when w(-7) is divided by i(4).
29
Let v(l) = -l**3 + 7*l**2 - 6*l + 3. What is the remainder when v(5) is divided by 8?
7
Let m(t) = -t - 1. Let q(s) = 5*s + 3. Let j(h) = -2*m(h) + q(h). What is the remainder when j(6) is divided by 16?
15
Let c(k) = -23*k - 2. Let l be c(-4). Suppose 5*g + 30 - l = 0. Calculate the remainder when 47 is divided by g.
11
Suppose v + 4 - 8 = 0. Suppose v*y - 210 = -y. What is the remainder when y is divided by (-2)/3*(-33)/1?
20
Let n(w) = -4*w + 7. Suppose -4*t + 26 = -14. What is the remainder when n(-5) is divided by t?
7
Suppose -5*s - 29 = 1. Let x = 10 + s. Suppose -k + 70 = x*d, -k + 40 = 2*d + 2*k. What is the remainder when 48 is divided by d?
14
Let j = 72 - 68. What is the remainder when 15 is divided by j?
3
Calculate the remainder when (-15)/(-10)*(-138)/(-9) is divided by 13.
10
Suppose 2*s + 126 = u, s = 1 - 3. Let k = u + -73. Suppose 7*z + 23 = 2*i + 4*z, -4*i = -3*z - k. What is the remainder when 38 is divided by i?
12
Suppose -n + 4 = 3*n. Let p be (-1)/((-7)/4 - -2). What is the remainder when 6/p*(-8)/6 is divided by n?
0
Let c(j) = -j**2 - 2*j - 8. Let h be c(-6). Let x = h - -55. What is the remainder when x is divided by 8?
7
Let q = 32 + -13. What is the remainder when q is divided by 10?
9
Suppose 11*d = 1674 - 145. What is the remainder when d is divided by 10?
9
Let t be 23/(-3) - 3/9. Let l(s) = -4*s - 8. Let p(o) = -o**2 + 13. What is the remainder when l(t) is divided by p(0)?
11
Let d(r) = -r + 14. What is the remainder when 145 is divided by d(-7)?
19
Suppose -3*s - s + 96 = 0. Suppose 0 = -141*r + 142*r - 5. Calculate the remainder when s is divided by r.
4
Let g = 13 - -45. Suppose 2*i = 8 + 72. Suppose -o + i = o. Calculate the remainder when g is divided by o.
18
Suppose 5*d = -15, d + 15 = w + 3*w. Suppose -w*b + 56 = -58. Calculate the remainder when b is divided by 10.
8
Let j(m) be the second derivative of -m**4/12 + 5*m**3/3 - m**2 - m. Suppose 4*g - 7 - 25 = 0. What is the remainder when j(g) is divided by 5?
4
Suppose 8*p - 9*p = -36. Let h(z) = -3*z - 11. What is the remainder when p is divided by h(-10)?
17
Let p(m) = -3*m. Let i be p(-2). Let w = i + -4. Suppose -5*z - 5*c = -20, z + 4*c - w = -z. What is the remainder when 12 is divided by z?
5
Let t(o) = -o**2 - 8*o + 7. Let p be t(-7). Let h = -10 + p. Calculate the remainder when 7 is divided by h.
3
Let f(j) = -6*j**3 - 1. Let y(k) = -k + 5. Calculate the remainder when y(-4) is divided by f(-1).
4
Let i(o) = -o**3 + 8*o**2 + o - 6. Let c be i(8). Suppose -2*n - n + 47 = -2*z, z - c = 0. Let v = 3 + 6. Calculate the remainder when n is divided by v.
8
What is the remainder when 38 is divided by (-7 + 9)/6 + 14/3?
3
Let t(r) = r**2 + 27*r + 20. Let m(k) = -k**2 - 18*k - 13. Let p(c) = -8*m(c) - 5*t(c). What is the remainder when p(-4) is divided by 5?
1
Let w(z) = z**2 + 3*z - 2. Let r be (-6)/(-4) - 3/(-6). Suppose r*s - 2*a = -s + 65, -4*s + 90 = -a. What is the remainder when s is divided by w(2)?
7
Suppose 0*z = 2*z - 608. Let j be z + 0/(-3) + -2. Suppose 34 - j = -4*p. Calculate the remainder when p is divided by 23.
21
Suppose 4*a = 44 - 8. Calculate the remainder when a is divided by ((-63)/28)/((-3)/8).
3
Suppose 3*j + 4*c - 59 = 0, j + 5*c = c + 33. Calculate the remainder when j is divided by 5.
3
What is the remainder when 59 is divided by 7 + 5/((-25)/10)?
4
Let o(l) = -l**2 - l + 3. Let v be o(0). Suppose 0 = -r + v + 4. Let n(s) = 4*s**2 - 3*s + 2. Calculate the remainder when n(2) is divided by r.
5
Suppose -7*z + 24 = -4*z. What is the remainder when 38 is divided by z?
6
Let l(n) = -n**2 + 14*n + 3. Suppose m = -0*m + 10. 